{"id":21,"date":"2013-05-30T06:55:34","date_gmt":"2013-05-30T05:55:34","guid":{"rendered":"http:\/\/hundenshalsa.com\/?page_id=21"},"modified":"2022-02-09T08:07:08","modified_gmt":"2022-02-09T07:07:08","slug":"om-oss","status":"publish","type":"page","link":"https:\/\/hundenshalsa.com\/?page_id=21","title":{"rendered":"PERSONAL"},"content":{"rendered":"\t\t<div data-elementor-type=\"wp-page\" data-elementor-id=\"21\" class=\"elementor elementor-21\" data-elementor-settings=\"[]\">\n\t\t\t\t\t\t\t<div class=\"elementor-section-wrap\">\n\t\t\t\t\t\t\t<section class=\"elementor-section elementor-top-section elementor-element elementor-element-f913955 elementor-section-boxed elementor-section-height-default elementor-section-height-default\" data-id=\"f913955\" data-element_type=\"section\">\n\t\t\t\t\t\t<div class=\"elementor-container elementor-column-gap-default\">\n\t\t\t\t\t<div class=\"elementor-column elementor-col-100 elementor-top-column elementor-element elementor-element-dce215c\" data-id=\"dce215c\" data-element_type=\"column\">\n\t\t\t<div class=\"elementor-widget-wrap elementor-element-populated\">\n\t\t\t\t\t\t\t\t<section class=\"elementor-section elementor-inner-section elementor-element elementor-element-600bca8 elementor-section-boxed elementor-section-height-default elementor-section-height-default\" data-id=\"600bca8\" data-element_type=\"section\">\n\t\t\t\t\t\t<div class=\"elementor-container elementor-column-gap-default\">\n\t\t\t\t\t<div class=\"elementor-column elementor-col-50 elementor-inner-column elementor-element elementor-element-f394ee9\" data-id=\"f394ee9\" data-element_type=\"column\">\n\t\t\t<div class=\"elementor-widget-wrap elementor-element-populated\">\n\t\t\t\t\t\t\t\t<div class=\"elementor-element elementor-element-26f54f6 elementor-widget elementor-widget-heading\" data-id=\"26f54f6\" data-element_type=\"widget\" data-widget_type=\"heading.default\">\n\t\t\t\t<div class=\"elementor-widget-container\">\n\t\t\t<style>\/*! elementor - v3.5.5 - 03-02-2022 *\/\n.elementor-heading-title{padding:0;margin:0;line-height:1}.elementor-widget-heading .elementor-heading-title[class*=elementor-size-]>a{color:inherit;font-size:inherit;line-height:inherit}.elementor-widget-heading .elementor-heading-title.elementor-size-small{font-size:15px}.elementor-widget-heading .elementor-heading-title.elementor-size-medium{font-size:19px}.elementor-widget-heading .elementor-heading-title.elementor-size-large{font-size:29px}.elementor-widget-heading .elementor-heading-title.elementor-size-xl{font-size:39px}.elementor-widget-heading .elementor-heading-title.elementor-size-xxl{font-size:59px}<\/style><h2 class=\"elementor-heading-title elementor-size-default\">PERSONAL<\/h2>\t\t<\/div>\n\t\t\t\t<\/div>\n\t\t\t\t<div class=\"elementor-element elementor-element-da2a07e elementor-widget elementor-widget-text-editor\" data-id=\"da2a07e\" data-element_type=\"widget\" data-widget_type=\"text-editor.default\">\n\t\t\t\t<div class=\"elementor-widget-container\">\n\t\t\t<style>\/*! elementor - v3.5.5 - 03-02-2022 *\/\n.elementor-widget-text-editor.elementor-drop-cap-view-stacked .elementor-drop-cap{background-color:#818a91;color:#fff}.elementor-widget-text-editor.elementor-drop-cap-view-framed .elementor-drop-cap{color:#818a91;border:3px solid;background-color:transparent}.elementor-widget-text-editor:not(.elementor-drop-cap-view-default) .elementor-drop-cap{margin-top:8px}.elementor-widget-text-editor:not(.elementor-drop-cap-view-default) .elementor-drop-cap-letter{width:1em;height:1em}.elementor-widget-text-editor .elementor-drop-cap{float:left;text-align:center;line-height:1;font-size:50px}.elementor-widget-text-editor .elementor-drop-cap-letter{display:inline-block}<\/style>\t\t\t\t<h6><b>Elin Sundstr\u00f6m<\/b><\/h6><p>\u00c4gare av Hundens H\u00e4lsa hunddagis. Elin har arbetat p\u00e5 Hundens H\u00e4lsa sedan 2019 och blev uppl\u00e4rd av f\u00f6re detta \u00e4garen Karolina Persson. Hon tog \u00f6ver verksamheten i b\u00f6rjan av 2020. Elin har dessutom tidigare \u00e4ven arbetat p\u00e5 ett hunddagis i G\u00f6teborg som hundsk\u00f6tare.<\/p><p>Efter en 1,5 \u00e5rs yrkesutbildning p\u00e5 \u00c4ngslyckan Friskv\u00e5rd blev Elin:<\/p><ul><li>Diplomerad Hunddagisf\u00f6rest\u00e5ndare<\/li><li><span style=\"color: var( --e-global-color-text );\">Diplomerad Hundmass\u00f6r<\/span><\/li><li><span style=\"color: var( --e-global-color-text );\">Diplomerad Kostr\u00e5dgivare f\u00f6r hund<\/span><\/li><li><span style=\"color: var( --e-global-color-text );\">Diplomerad Hundsimsf\u00f6rest\u00e5ndare<\/span><\/li><li><span style=\"color: var( --e-global-color-text );\"><span style=\"color: var( --e-global-color-text );\">Diplomerad Hundfysioterapeut<\/span><\/span><p>\u00a0<\/p><\/li><\/ul><p>Elin g\u00e5r g\u00e4rna p\u00e5 f\u00f6rel\u00e4sningar och har alltid tyckt om att studera och l\u00e4ra sig\u00a0mer om allt inom hund.\u00a0<span style=\"color: var( --e-global-color-text );\">H\u00e4r \u00e4r ett urval fr\u00e5n f\u00f6rel\u00e4sningar som hon har g\u00e5tt genom \u00e5ren:<\/span><\/p><p>Friskv\u00e5rd f\u00f6r hund Instrukt\u00f6r: Anna Skog Vennberg<br \/><span style=\"color: var( --e-global-color-text );\">Hund i r\u00f6relse Instrukt\u00f6r: Annika Falkenberg<br \/><\/span><span style=\"color: var( --e-global-color-text );\">Stressade hundar Instrukt\u00f6r: Anders Hallgren<br \/><\/span><span style=\"color: var( --e-global-color-text );\">Harmoniska m\u00f6ten Instrukt\u00f6r: Eva Bertilsson<br \/><\/span><span style=\"color: var( --e-global-color-text );\">Kontakt &amp; relation Instrukt\u00f6r: Eva Bodf\u00e4ldt<br \/><\/span><span style=\"color: var( --e-global-color-text );\">Den missuppfattade hunden Instrukt\u00f6r: Per Jensen<br \/><\/span><span style=\"color: var( --e-global-color-text );\">F\u00f6rsta hj\u00e4lpen Instrukt\u00f6r: Helene Calm\u00e9n<br \/><\/span><span style=\"color: var( --e-global-color-text );\">N\u00e4r megafonen \u00e4r hundens enda strategi Instrukt\u00f6r: Ingela Wik och Anna Frisk<br \/><\/span><span style=\"color: var( --e-global-color-text );\">M\u00f6ta och bem\u00f6ta annorlunda hundar Instrukt\u00f6r: Ingela Wik<br \/><\/span><span style=\"color: var( --e-global-color-text );\">Matfixerade hundar och \u00e4tberikning Instrukt\u00f6r: David Selin<\/span><\/p><p>Tr\u00e4nar sim och r\u00e4ddningsprov (SoR) under somrarna med landseertiken Blaze.<\/p>\t\t\t\t\t\t<\/div>\n\t\t\t\t<\/div>\n\t\t\t\t\t<\/div>\n\t\t<\/div>\n\t\t\t\t<div class=\"elementor-column elementor-col-50 elementor-inner-column elementor-element elementor-element-f3007ec\" data-id=\"f3007ec\" data-element_type=\"column\">\n\t\t\t<div class=\"elementor-widget-wrap elementor-element-populated\">\n\t\t\t\t\t\t\t\t<div class=\"elementor-element elementor-element-a4876a0 elementor-widget elementor-widget-image\" data-id=\"a4876a0\" data-element_type=\"widget\" data-widget_type=\"image.default\">\n\t\t\t\t<div class=\"elementor-widget-container\">\n\t\t\t<style>\/*! elementor - v3.5.5 - 03-02-2022 *\/\n.elementor-widget-image{text-align:center}.elementor-widget-image a{display:inline-block}.elementor-widget-image a img[src$=\".svg\"]{width:48px}.elementor-widget-image img{vertical-align:middle;display:inline-block}<\/style>\t\t\t\t\t\t\t\t\t\t\t\t<img width=\"768\" height=\"910\" src=\"https:\/\/hundenshalsa.com\/wp-content\/uploads\/2022\/02\/Elin-scaled-e1643967351364-768x910.jpg\" class=\"attachment-medium_large size-medium_large\" alt=\"\" loading=\"lazy\" srcset=\"https:\/\/hundenshalsa.com\/wp-content\/uploads\/2022\/02\/Elin-scaled-e1643967351364-768x910.jpg 768w, https:\/\/hundenshalsa.com\/wp-content\/uploads\/2022\/02\/Elin-scaled-e1643967351364-253x300.jpg 253w, https:\/\/hundenshalsa.com\/wp-content\/uploads\/2022\/02\/Elin-scaled-e1643967351364-864x1024.jpg 864w, https:\/\/hundenshalsa.com\/wp-content\/uploads\/2022\/02\/Elin-scaled-e1643967351364-1296x1536.jpg 1296w, https:\/\/hundenshalsa.com\/wp-content\/uploads\/2022\/02\/Elin-scaled-e1643967351364.jpg 1414w\" sizes=\"(max-width: 768px) 100vw, 768px\" \/>\t\t\t\t\t\t\t\t\t\t\t\t\t\t\t<\/div>\n\t\t\t\t<\/div>\n\t\t\t\t\t<\/div>\n\t\t<\/div>\n\t\t\t\t\t\t\t<\/div>\n\t\t<\/section>\n\t\t\t\t\t<\/div>\n\t\t<\/div>\n\t\t\t\t\t\t\t<\/div>\n\t\t<\/section>\n\t\t\t\t<section class=\"elementor-section elementor-top-section elementor-element elementor-element-abadf57 elementor-section-boxed elementor-section-height-default elementor-section-height-default\" data-id=\"abadf57\" data-element_type=\"section\">\n\t\t\t\t\t\t<div class=\"elementor-container elementor-column-gap-default\">\n\t\t\t\t\t<div class=\"elementor-column elementor-col-100 elementor-top-column elementor-element elementor-element-1613256\" data-id=\"1613256\" data-element_type=\"column\">\n\t\t\t<div class=\"elementor-widget-wrap elementor-element-populated\">\n\t\t\t\t\t\t\t\t<section class=\"elementor-section elementor-inner-section elementor-element elementor-element-3c71cf0 elementor-section-boxed elementor-section-height-default elementor-section-height-default\" data-id=\"3c71cf0\" data-element_type=\"section\">\n\t\t\t\t\t\t<div class=\"elementor-container elementor-column-gap-default\">\n\t\t\t\t\t<div class=\"elementor-column elementor-col-50 elementor-inner-column elementor-element elementor-element-59f52ee\" data-id=\"59f52ee\" data-element_type=\"column\">\n\t\t\t<div class=\"elementor-widget-wrap elementor-element-populated\">\n\t\t\t\t\t\t\t\t<div class=\"elementor-element elementor-element-296366f elementor-widget elementor-widget-image\" data-id=\"296366f\" data-element_type=\"widget\" data-widget_type=\"image.default\">\n\t\t\t\t<div class=\"elementor-widget-container\">\n\t\t\t\t\t\t\t\t\t\t\t\t\t\t\t<img width=\"600\" height=\"558\" src=\"https:\/\/hundenshalsa.com\/wp-content\/uploads\/2022\/02\/Karolina-e1643974246128.jpg\" class=\"attachment-medium_large size-medium_large\" alt=\"\" loading=\"lazy\" srcset=\"https:\/\/hundenshalsa.com\/wp-content\/uploads\/2022\/02\/Karolina-e1643974246128.jpg 600w, https:\/\/hundenshalsa.com\/wp-content\/uploads\/2022\/02\/Karolina-e1643974246128-300x279.jpg 300w\" sizes=\"(max-width: 600px) 100vw, 600px\" \/>\t\t\t\t\t\t\t\t\t\t\t\t\t\t\t<\/div>\n\t\t\t\t<\/div>\n\t\t\t\t\t<\/div>\n\t\t<\/div>\n\t\t\t\t<div class=\"elementor-column elementor-col-50 elementor-inner-column elementor-element elementor-element-38346ab\" data-id=\"38346ab\" data-element_type=\"column\">\n\t\t\t<div class=\"elementor-widget-wrap elementor-element-populated\">\n\t\t\t\t\t\t\t\t<div class=\"elementor-element elementor-element-575119e elementor-widget elementor-widget-text-editor\" data-id=\"575119e\" data-element_type=\"widget\" data-widget_type=\"text-editor.default\">\n\t\t\t\t<div class=\"elementor-widget-container\">\n\t\t\t\t\t\t\t<p><span style=\"font-weight: 700; font-size: 16px;\">Karolina Persson<\/span><br>Karolina grundade Hundens H\u00e4lsa januari 2004. Hon har haft flera hundar genom \u00e5ren, varav tre Rhodesian Ridgeback. Idag har Karolina en snart 3-\u00e5rig tik. Karolina har arbetat som djurv\u00e5rdare p\u00e5 Bl\u00e5 Stj\u00e4rnans Djursjukhus i G\u00f6teborg. Hon har \u00e4ven g\u00e5tt en utbildning till diplomerad Hundfysioterapeut 2002- 2003 via Naturmedicinskt H\u00e4lsocenter i G\u00f6teborg.&nbsp;<\/p>\n<p>Hennes fritid best\u00e5r till stor del av hundtr\u00e4ning. N\u00e5got som ligger Karolina extra varmt om hj\u00e4rtat \u00e4r sp\u00e5rarbete och d\u00e5 s\u00e4rskilt viltsp\u00e5r. Under v\u00e5ren 2022 kommer Karolina att p\u00e5b\u00f6rja en utbildning till Hundfris\u00f6r via Hundens Hus i G\u00f6teborg. Vi kommer med mer information n\u00e4r detta \u00e4r aktuellt.<\/p>\t\t\t\t\t\t<\/div>\n\t\t\t\t<\/div>\n\t\t\t\t\t<\/div>\n\t\t<\/div>\n\t\t\t\t\t\t\t<\/div>\n\t\t<\/section>\n\t\t\t\t\t<\/div>\n\t\t<\/div>\n\t\t\t\t\t\t\t<\/div>\n\t\t<\/section>\n\t\t\t\t<section class=\"elementor-section elementor-top-section elementor-element elementor-element-2284c27 elementor-section-boxed elementor-section-height-default elementor-section-height-default\" data-id=\"2284c27\" data-element_type=\"section\">\n\t\t\t\t\t\t<div class=\"elementor-container elementor-column-gap-default\">\n\t\t\t\t\t<div class=\"elementor-column elementor-col-100 elementor-top-column elementor-element elementor-element-fee6ca7\" data-id=\"fee6ca7\" data-element_type=\"column\">\n\t\t\t<div class=\"elementor-widget-wrap elementor-element-populated\">\n\t\t\t\t\t\t\t\t<section class=\"elementor-section elementor-inner-section elementor-element elementor-element-0ed401a elementor-section-boxed elementor-section-height-default elementor-section-height-default\" data-id=\"0ed401a\" data-element_type=\"section\">\n\t\t\t\t\t\t<div class=\"elementor-container elementor-column-gap-default\">\n\t\t\t\t\t<div class=\"elementor-column elementor-col-50 elementor-inner-column elementor-element elementor-element-26835da\" data-id=\"26835da\" data-element_type=\"column\">\n\t\t\t<div class=\"elementor-widget-wrap elementor-element-populated\">\n\t\t\t\t\t\t\t\t<div class=\"elementor-element elementor-element-38e18e5 elementor-widget elementor-widget-text-editor\" data-id=\"38e18e5\" data-element_type=\"widget\" data-widget_type=\"text-editor.default\">\n\t\t\t\t<div class=\"elementor-widget-container\">\n\t\t\t\t\t\t\t<p><span style=\"font-weight: bold; font-size: 16px;\">Madeleine Berntsson<\/span><br \/>Madeleine har arbetat p\u00e5 Hundens H\u00e4lsa hunddagis sedan v\u00e5ren 2019. Hon har tidigare arbetat 9 \u00e5r inom f\u00f6rskolan, fr\u00e4mst p\u00e5 en specialf\u00f6rskola f\u00f6r d\u00f6va, h\u00f6rselskadade och barn med speciella behov. D\u00e4rav har hon \u00e4ven teckenspr\u00e5kskunskaper.\u00a0<\/p><p>Madeleine \u00e4r glad, positiv och omt\u00e4nksam och har ett brinnande intresse f\u00f6r hundar. Madeleine har haft egen hund i m\u00e5nga \u00e5r och kan inte se ett liv utan hund. Hon planerar att g\u00e5 utbildningar i framtiden, f\u00f6r att f\u00f6rdjupa sina kunskaper och f\u00e5 en b\u00e4ttre uppfattning om hundar och deras beteenden.<\/p>\t\t\t\t\t\t<\/div>\n\t\t\t\t<\/div>\n\t\t\t\t\t<\/div>\n\t\t<\/div>\n\t\t\t\t<div class=\"elementor-column elementor-col-50 elementor-inner-column elementor-element elementor-element-414220d\" data-id=\"414220d\" data-element_type=\"column\">\n\t\t\t<div class=\"elementor-widget-wrap elementor-element-populated\">\n\t\t\t\t\t\t\t\t<div class=\"elementor-element elementor-element-f7bdea6 elementor-widget elementor-widget-image\" data-id=\"f7bdea6\" data-element_type=\"widget\" data-widget_type=\"image.default\">\n\t\t\t\t<div class=\"elementor-widget-container\">\n\t\t\t\t\t\t\t\t\t\t\t\t\t\t\t<img width=\"740\" height=\"683\" src=\"https:\/\/hundenshalsa.com\/wp-content\/uploads\/2022\/02\/Madde-e1643974512364.jpg\" class=\"attachment-medium_large size-medium_large\" alt=\"\" loading=\"lazy\" srcset=\"https:\/\/hundenshalsa.com\/wp-content\/uploads\/2022\/02\/Madde-e1643974512364.jpg 740w, https:\/\/hundenshalsa.com\/wp-content\/uploads\/2022\/02\/Madde-e1643974512364-300x277.jpg 300w\" sizes=\"(max-width: 740px) 100vw, 740px\" \/>\t\t\t\t\t\t\t\t\t\t\t\t\t\t\t<\/div>\n\t\t\t\t<\/div>\n\t\t\t\t\t<\/div>\n\t\t<\/div>\n\t\t\t\t\t\t\t<\/div>\n\t\t<\/section>\n\t\t\t\t\t<\/div>\n\t\t<\/div>\n\t\t\t\t\t\t\t<\/div>\n\t\t<\/section>\n\t\t\t\t<section class=\"elementor-section elementor-top-section elementor-element elementor-element-837e576 elementor-section-boxed elementor-section-height-default elementor-section-height-default\" data-id=\"837e576\" data-element_type=\"section\">\n\t\t\t\t\t\t<div class=\"elementor-container elementor-column-gap-default\">\n\t\t\t\t\t<div class=\"elementor-column elementor-col-100 elementor-top-column elementor-element elementor-element-e523e81\" data-id=\"e523e81\" data-element_type=\"column\">\n\t\t\t<div class=\"elementor-widget-wrap elementor-element-populated\">\n\t\t\t\t\t\t\t\t<section class=\"elementor-section elementor-inner-section elementor-element elementor-element-05910ac elementor-section-full_width elementor-section-content-space-evenly elementor-section-height-default elementor-section-height-default\" data-id=\"05910ac\" data-element_type=\"section\">\n\t\t\t\t\t\t<div class=\"elementor-container elementor-column-gap-default\">\n\t\t\t\t\t<div class=\"elementor-column elementor-col-50 elementor-inner-column elementor-element elementor-element-d392c26\" data-id=\"d392c26\" data-element_type=\"column\">\n\t\t\t<div class=\"elementor-widget-wrap elementor-element-populated\">\n\t\t\t\t\t\t\t\t<div class=\"elementor-element elementor-element-18175c3 elementor-widget elementor-widget-image\" data-id=\"18175c3\" data-element_type=\"widget\" data-widget_type=\"image.default\">\n\t\t\t\t<div class=\"elementor-widget-container\">\n\t\t\t\t\t\t\t\t\t\t\t\t\t\t\t<img width=\"768\" height=\"768\" src=\"https:\/\/hundenshalsa.com\/wp-content\/uploads\/2022\/02\/Jennie-scaled-e1644390120398-768x768.jpg\" class=\"attachment-medium_large size-medium_large\" alt=\"\" loading=\"lazy\" srcset=\"https:\/\/hundenshalsa.com\/wp-content\/uploads\/2022\/02\/Jennie-scaled-e1644390120398-768x768.jpg 768w, https:\/\/hundenshalsa.com\/wp-content\/uploads\/2022\/02\/Jennie-scaled-e1644390120398-300x300.jpg 300w, https:\/\/hundenshalsa.com\/wp-content\/uploads\/2022\/02\/Jennie-scaled-e1644390120398-1024x1024.jpg 1024w, https:\/\/hundenshalsa.com\/wp-content\/uploads\/2022\/02\/Jennie-scaled-e1644390120398-150x150.jpg 150w, https:\/\/hundenshalsa.com\/wp-content\/uploads\/2022\/02\/Jennie-scaled-e1644390120398-1536x1536.jpg 1536w, https:\/\/hundenshalsa.com\/wp-content\/uploads\/2022\/02\/Jennie-scaled-e1644390120398.jpg 1660w\" sizes=\"(max-width: 768px) 100vw, 768px\" \/>\t\t\t\t\t\t\t\t\t\t\t\t\t\t\t<\/div>\n\t\t\t\t<\/div>\n\t\t\t\t\t<\/div>\n\t\t<\/div>\n\t\t\t\t<div class=\"elementor-column elementor-col-50 elementor-inner-column elementor-element elementor-element-8161c8a\" data-id=\"8161c8a\" data-element_type=\"column\">\n\t\t\t<div class=\"elementor-widget-wrap elementor-element-populated\">\n\t\t\t\t\t\t\t\t<div class=\"elementor-element elementor-element-f6bb5cd elementor-widget elementor-widget-text-editor\" data-id=\"f6bb5cd\" data-element_type=\"widget\" data-widget_type=\"text-editor.default\">\n\t\t\t\t<div class=\"elementor-widget-container\">\n\t\t\t\t\t\t\t<p><span style=\"font-size: 16px;\"><b>Jennie Livered<br \/><\/b><\/span><span style=\"color: var( --e-global-color-text ); font-family: var( --e-global-typography-text-font-family ), Sans-serif; font-weight: var( --e-global-typography-text-font-weight ); font-size: 1rem;\">Jennie har varit p\u00e5 Hundens H\u00e4lsa i n\u00e4stan 10 \u00e5r och \u00e4ven p\u00e5 andra hunddagis innan dess. Jennie \u00e4r v\u00e4ldigt hundintresserad, tycker om att mysa och umg\u00e5s med hundarna.<\/span><\/p>\t\t\t\t\t\t<\/div>\n\t\t\t\t<\/div>\n\t\t\t\t\t<\/div>\n\t\t<\/div>\n\t\t\t\t\t\t\t<\/div>\n\t\t<\/section>\n\t\t\t\t\t<\/div>\n\t\t<\/div>\n\t\t\t\t\t\t\t<\/div>\n\t\t<\/section>\n\t\t\t\t<section class=\"elementor-section elementor-top-section elementor-element elementor-element-e20d9cf elementor-section-boxed elementor-section-height-default elementor-section-height-default\" data-id=\"e20d9cf\" data-element_type=\"section\">\n\t\t\t\t\t\t<div class=\"elementor-container elementor-column-gap-default\">\n\t\t\t\t\t<div class=\"elementor-column elementor-col-100 elementor-top-column elementor-element elementor-element-31de11d\" data-id=\"31de11d\" data-element_type=\"column\">\n\t\t\t<div class=\"elementor-widget-wrap elementor-element-populated\">\n\t\t\t\t\t\t\t\t<section class=\"elementor-section elementor-inner-section elementor-element elementor-element-5963ada elementor-section-boxed elementor-section-height-default elementor-section-height-default\" data-id=\"5963ada\" data-element_type=\"section\">\n\t\t\t\t\t\t<div class=\"elementor-container elementor-column-gap-default\">\n\t\t\t\t\t<div class=\"elementor-column elementor-col-50 elementor-inner-column elementor-element elementor-element-6210ae5\" data-id=\"6210ae5\" data-element_type=\"column\">\n\t\t\t<div class=\"elementor-widget-wrap elementor-element-populated\">\n\t\t\t\t\t\t\t\t<div class=\"elementor-element elementor-element-e2cb846 elementor-widget elementor-widget-text-editor\" data-id=\"e2cb846\" data-element_type=\"widget\" data-widget_type=\"text-editor.default\">\n\t\t\t\t<div class=\"elementor-widget-container\">\n\t\t\t\t\t\t\t<p><b>Irene K\u00e4ll<br \/><\/b><span style=\"color: var( --e-global-color-text ); font-family: var( --e-global-typography-text-font-family ), Sans-serif; font-weight: var( --e-global-typography-text-font-weight ); font-size: 1rem;\">Irene har varit p\u00e5 Hundens H\u00e4lsa i fyra \u00e5r.\u00a0Tidigare har hon varit p\u00e5 ett annat hunddagis i Bor\u00e5s. <br \/>Hon \u00e4r ocks\u00e5 mycket hundintresserad och gosar och tr\u00e4nar g\u00e4rna med hundarna.<\/span><b><br \/><\/b><\/p>\t\t\t\t\t\t<\/div>\n\t\t\t\t<\/div>\n\t\t\t\t\t<\/div>\n\t\t<\/div>\n\t\t\t\t<div class=\"elementor-column elementor-col-50 elementor-inner-column elementor-element elementor-element-90a56d5\" data-id=\"90a56d5\" data-element_type=\"column\">\n\t\t\t<div class=\"elementor-widget-wrap elementor-element-populated\">\n\t\t\t\t\t\t\t\t<div class=\"elementor-element elementor-element-5944e0c elementor-widget elementor-widget-image\" data-id=\"5944e0c\" data-element_type=\"widget\" data-widget_type=\"image.default\">\n\t\t\t\t<div class=\"elementor-widget-container\">\n\t\t\t\t\t\t\t\t\t\t\t\t\t\t\t<img width=\"768\" height=\"738\" src=\"https:\/\/hundenshalsa.com\/wp-content\/uploads\/2022\/02\/Irene-scaled-e1644390157481-768x738.jpg\" class=\"attachment-medium_large size-medium_large\" alt=\"\" loading=\"lazy\" srcset=\"https:\/\/hundenshalsa.com\/wp-content\/uploads\/2022\/02\/Irene-scaled-e1644390157481-768x738.jpg 768w, https:\/\/hundenshalsa.com\/wp-content\/uploads\/2022\/02\/Irene-scaled-e1644390157481-300x288.jpg 300w, https:\/\/hundenshalsa.com\/wp-content\/uploads\/2022\/02\/Irene-scaled-e1644390157481-1024x984.jpg 1024w, https:\/\/hundenshalsa.com\/wp-content\/uploads\/2022\/02\/Irene-scaled-e1644390157481-1536x1476.jpg 1536w, https:\/\/hundenshalsa.com\/wp-content\/uploads\/2022\/02\/Irene-scaled-e1644390157481.jpg 1713w\" sizes=\"(max-width: 768px) 100vw, 768px\" \/>\t\t\t\t\t\t\t\t\t\t\t\t\t\t\t<\/div>\n\t\t\t\t<\/div>\n\t\t\t\t\t<\/div>\n\t\t<\/div>\n\t\t\t\t\t\t\t<\/div>\n\t\t<\/section>\n\t\t\t\t\t<\/div>\n\t\t<\/div>\n\t\t\t\t\t\t\t<\/div>\n\t\t<\/section>\n\t\t\t\t\t\t<\/div>\n\t\t\t\t\t<\/div>\n\t\t","protected":false},"excerpt":{"rendered":"<p>PERSONAL Elin Sundstr\u00f6m \u00c4gare av Hundens H\u00e4lsa hunddagis. Elin har arbetat p\u00e5 Hundens H\u00e4lsa sedan 2019 och blev uppl\u00e4rd av f\u00f6re detta \u00e4garen Karolina Persson. Hon tog \u00f6ver verksamheten i b\u00f6rjan av 2020. Elin har dessutom tidigare \u00e4ven arbetat p\u00e5 ett hunddagis i G\u00f6teborg som hundsk\u00f6tare. Efter en 1,5 \u00e5rs yrkesutbildning p\u00e5 \u00c4ngslyckan Friskv\u00e5rd blev [&hellip;]<\/p>\n","protected":false},"author":2,"featured_media":0,"parent":0,"menu_order":0,"comment_status":"closed","ping_status":"closed","template":"elementor_header_footer","meta":[],"_links":{"self":[{"href":"https:\/\/hundenshalsa.com\/index.php?rest_route=\/wp\/v2\/pages\/21"}],"collection":[{"href":"https:\/\/hundenshalsa.com\/index.php?rest_route=\/wp\/v2\/pages"}],"about":[{"href":"https:\/\/hundenshalsa.com\/index.php?rest_route=\/wp\/v2\/types\/page"}],"author":[{"embeddable":true,"href":"https:\/\/hundenshalsa.com\/index.php?rest_route=\/wp\/v2\/users\/2"}],"replies":[{"embeddable":true,"href":"https:\/\/hundenshalsa.com\/index.php?rest_route=%2Fwp%2Fv2%2Fcomments&post=21"}],"version-history":[{"count":82,"href":"https:\/\/hundenshalsa.com\/index.php?rest_route=\/wp\/v2\/pages\/21\/revisions"}],"predecessor-version":[{"id":918,"href":"https:\/\/hundenshalsa.com\/index.php?rest_route=\/wp\/v2\/pages\/21\/revisions\/918"}],"wp:attachment":[{"href":"https:\/\/hundenshalsa.com\/index.php?rest_route=%2Fwp%2Fv2%2Fmedia&parent=21"}],"curies":[{"name":"wp","href":"https:\/\/api.w.org\/{rel}","templated":true}]}}